1. List the prime factors of r.
2, 19
List the prime factors of (-1284)/(-54) + ((-16)/9 - -2).
2, 3
Let r(z) = -z**2 + 5*z - 2. Let b be r(4). Let m be b/(-7) - 138/7. Let g = -9 - m. What are the prime factors of g?
11
Suppose -2*r - 5*b = 0, -5*r - 3*b = -0*b. Let n = -4 - r. List the prime factors of (-6 + 0)/(3/n).
2
Suppose 0*z = 2*z + 10, 0 = 3*l + 3*z + 27. Let q(a) be the third derivative of a**5/30 + 5*a**4/24 - a**2. List the prime factors of q(l).
2, 3
Let b(x) = 24*x + 15. List the prime factors of b(7).
3, 61
Suppose -3*d + 3*n = -3, -3*d = n - 2*n - 7. Let s be ((-2)/(-3))/((-4)/(-6)). Suppose -d = -z - s. What are the prime factors of z?
2
Let f = -1 + 8. Let w = f - 4. Suppose 9 - 1 = v + w*a, -3*v - 5*a + 40 = 0. What are the prime factors of v?
2, 5
Let o(y) = -4*y. Let a be o(-1). What are the prime factors of (-1)/(-4) + 27/a?
7
Suppose 12 = s + 2*p, -2*s + 6*s - 75 = p. Let o = s - 8. List the prime factors of o.
2, 5
Let x = -18 + 38. Suppose -2*j = -j - x. List the prime factors of j.
2, 5
Let l(z) = -23*z + 1. What are the prime factors of l(-2)?
47
Suppose -130 = -0*h - 5*h. What are the prime factors of h?
2, 13
Suppose 220*h = 223*h - 1014. What are the prime factors of h?
2, 13
Let u = -5 - -8. Suppose -3*i = -9 - u. Suppose 65 = 5*z - i*s + s, 0 = -4*s. What are the prime factors of z?
13
Suppose 4*t - 4*a = 20, -19 = t - 5*t + 3*a. Let w(n) = -n**3 - 12*n**2 - 19*n + 10. Let j be w(-10). Let y = t + j. What are the prime factors of y?
2
Let z(m) = -m**2 - 7*m + 3. What are the prime factors of z(-6)?
3
Let b = 65 + -31. Let p = b - 18. What are the prime factors of p?
2
Suppose -5*p + 20 = -p. Suppose o = 3*x - 5, 3*x + 3 = p*o + 2*x. List the prime factors of 1 - (-4 + (1 - o)).
5
Suppose 0 = -r + 5*g - 5, 6*r = r - 4*g + 4. Suppose -4*q + f + 32 = r, f = 5*q - 43 + 4. List the prime factors of q.
7
Suppose -v + 6 = -3*v. What are the prime factors of (-46)/(-6) - (-2)/v?
7
Let w = 52 + -31. What are the prime factors of w?
3, 7
Suppose -4 = 2*q - 0. Let u = q - -4. What are the prime factors of u?
2
Suppose -5*c - 89 = 4*z + 103, -4*c = 16. Let p = z + 75. List the prime factors of p.
2
Suppose -m = -1 - 3. Suppose 0 = -5*u + b + m*b + 155, -b = -2*u + 67. What are the prime factors of u?
2, 3
Let z be 60 - 0*(-2)/6. Suppose 3*w - 4 = 3*l - 4*l, 4*w + 4 = l. What are the prime factors of (l/(-12))/((-2)/z)?
2, 5
Let n = 81 - 48. List the prime factors of n.
3, 11
Let k be 4/10*(-2050)/(-20). Suppose 4*x = 2*h - 46, 4*x - k = -h - 0*h. What are the prime factors of h?
29
Let s be -4*(-1*3 - -2). Suppose h = x - 4, s*x + 2*h = 2 - 4. Suppose 35 = 5*d + 5*r, 0 = 3*d - 2*d + 5*r + x. List the prime factors of d.
3
Let p(r) = r**2 - 8*r + 2. Let m be p(8). List the prime factors of m/2 + (-2 - -28).
3
Let n(i) = -i**2 - 5*i - 6. Let b be n(-5). Let v be (-2)/1 - b/(-3). Let y = v + 7. What are the prime factors of y?
3
Suppose 0 = -p - 0*p - 3, 3*o = -2*p - 9. Let x be (4 - 5)*(5 - o). What are the prime factors of (x/(-5))/((-8)/(-20))?
3
Suppose 3*u + 6 = u. Let c = u - -6. Suppose -4*m = -c*j + 45, j - m = -0*m + 14. List the prime factors of j.
11
Let t(g) = 5*g**2 + 4*g - 4. What are the prime factors of t(5)?
3, 47
Let r(t) = t - 5. Let g(i) = -i**3 - 6*i**2 - 6*i + 2. Let u = -13 - -8. Let a be g(u). What are the prime factors of r(a)?
2
Let d(k) = -k**3 - k**2 + 15. Let q be d(0). Suppose 3*s - 40 = 2*c, -5*c = 6*s - 2*s - q. Suppose 4*w - 2 = s. List the prime factors of w.
3
Let z(j) be the second derivative of 5*j**4/12 + j**3/6 - j**2 - 2*j. Let l be z(-2). Suppose 0*m = 4*m + l, -2*m - 1 = d. List the prime factors of d.
7
Let f(x) = 5*x**2 - 1. Let i(u) = u. Let w be i(1). Let d be f(w). Suppose 2*b = -d*s + 4*b + 10, 0 = 3*s + 4*b - 24. What are the prime factors of s?
2
Let d = -9 - -28. Let t = d - 5. What are the prime factors of t?
2, 7
Suppose -3*k - 44 + 5 = -5*o, o - 5*k + 1 = 0. List the prime factors of o.
3
Let k be 0/1 + 21 + -3. Suppose -4*p + k = 2. List the prime factors of p.
2
Let j be 27/12 + (-3)/12. Let u be -4 + 3 - (-12)/j. Suppose 0*d + 55 = u*d. List the prime factors of d.
11
Suppose -2*a - u - 3 = 0, -a - 4*u = a - 12. Let p(x) = -x**3 - 4*x**2 + 3. What are the prime factors of p(a)?
3
Let s = 2 + 1. Let r be (8/(-6))/((-2)/s). Suppose 2*d = 8 - r. What are the prime factors of d?
3
Let z(f) = 6*f - 14. Let x be z(-6). Let a be (-2)/((-2)/144*2). Let j = x + a. List the prime factors of j.
2, 11
Let q(g) = 27*g - 2. Let u be q(2). Suppose -3*i + u = i. Suppose 0 = 3*d + i - 1, -4*b = -d - 40. List the prime factors of b.
3
What are the prime factors of (32/(-5))/(5/(-50))?
2
Suppose 4*b = -2*v + 49 + 67, 0 = -4*b - 3*v + 114. Suppose -4*c + 12 = 2*m, -5*c = -m + b - 3. Let q = m - 5. List the prime factors of q.
7
Suppose -3*a - 1 = -16. Let d(v) = 2*v**2 - v - 6. List the prime factors of d(a).
3, 13
Let c = 68 + -43. What are the prime factors of c?
5
Suppose p + 31 = z - p, -4*z + 102 = 3*p. List the prime factors of z.
3
Let v(n) = n**3 - 4*n**2 + 5*n - 4. Let p be v(3). Let j be -4*p/4*-1. Suppose 0 = 4*i + t - 18, -4*i - 2*t = -j*i - 6. List the prime factors of i.
5
Let g = 203 - 139. What are the prime factors of g?
2
Let r(m) = -m + 13. Suppose 43 = 2*j + 7. Let i = j + -8. What are the prime factors of r(i)?
3
Let x = 199 + 10. What are the prime factors of x?
11, 19
Let v(r) = 10*r + 7. List the prime factors of v(5).
3, 19
Suppose 0 = -l + d - 4, -6 = 5*l + 3*d + 14. List the prime factors of 10*14*(-1)/l.
5, 7
Let d(m) = -m**3 + 6*m**2 - m + 5. Let s(f) = -f**2 + 6*f + 1. Let x be s(5). Let n be d(x). Let a = n + 11. What are the prime factors of a?
2, 5
Let z(h) = h + 7. Let l(w) = w - 10. Let a be l(7). Let b be z(a). Suppose s + b = 3*s. List the prime factors of s.
2
Suppose 2*t = 2*q + q + 17, -5*t = 4*q - 77. What are the prime factors of t?
13
Suppose -4*y + 7 = -1. Suppose 5*z - 5*b - 30 = 0, 34 = 5*z - 4*b - 0*b. Suppose r + z = y*r. List the prime factors of r.
2, 5
Let m be 3/2*(-28)/(-3). Let c = 14 + -11. Suppose -5 = -r - 5*n + 7, 0 = 4*r + c*n - m. What are the prime factors of r?
2
List the prime factors of 16 + (-3)/((-9)/(-6)).
2, 7
Suppose -t + 7 = 3*i - 18, 2 = 2*i. What are the prime factors of t?
2, 11
Let i(c) = -c**3 + 7*c**2 - 6*c + 2. Let k be i(5). Let b = 3 - k. Let h = -12 - b. List the prime factors of h.
7
Let q(v) = v - 4. Let o be q(8). Let n = 0 - o. Let k = 0 - n. List the prime factors of k.
2
Let m(w) = -w + 11. Let c be m(11). Let d = -4 + 7. Suppose d*s + 0*s - 30 = c. List the prime factors of s.
2, 5
Let j = -6 + 21. Suppose -2*a + 5*c = -4*a - 23, 0 = -5*a + 2*c + j. Suppose -z + 7 = a. List the prime factors of z.
2, 3
Let c be 6*(0 - 2)/2. Let l = c - -11. What are the prime factors of l?
5
Suppose -9*g = -863 + 305. List the prime factors of g.
2, 31
Let u(q) = -q**3 + 7*q**2 - 7*q + 6. Suppose -c = 1 - 6. What are the prime factors of u(c)?
3, 7
Let o(b) = -b**3 + b**2 + 138. List the prime factors of o(0).
2, 3, 23
Let q(x) = x**3 - x**2 + x + 7. What are the prime factors of q(0)?
7
Suppose 4*c - 3 = 2*c - s, 4*s = 5*c - 14. Let a be c/(3/((-6)/(-4))). Let v(q) = 7*q**3 - q**2 + 1. List the prime factors of v(a).
7
Let f = 57 - 105. Let t = -28 - f. List the prime factors of t.
2, 5
List the prime factors of 1*(13 + 2 + -2).
13
Let z = -2 + 11. Let t = 13 - z. What are the prime factors of t?
2
Let b be 5/(-20) - (-23)/(-4). Let t = -4 - b. Suppose -3*x + t = -22. List the prime factors of x.
2
Suppose 3*l + 2 = -1. Let n = 2 + l. What are the prime factors of n - (-2)/(1 - 0)?
3
Let z = 79 - 24. What are the prime factors of z?
5, 11
Let g be (4/(-3))/((-12)/18). Suppose g*s + s - 26 = -4*p, -2*s = 5*p - 8. What are the prime factors of s?
2, 7
Suppose -3*u = -2*u - 4, 3*u - 407 = -5*s. What are the prime factors of s?
79
Let o be (0 + -3)*16/6. What are the prime factors of o/6*(-3)/2?
2
Suppose -8 = -3*d - d. Suppose 18 = -d*i + 5*i + 3*x, 18 = i + 4*x. Suppose -i*a - 3*t + 2 + 8 = 0, 10 = 2*a - 4*t. List the prime factors of a.
5
Let u = 35 + -13. What are the prime factors of (u/(-4))/(1/(-2))?
11
Let l = -6 + 6. Suppose l = 4*i + 20. List the prime factors of 4*i/((-10)/4).
2
Suppose -194 = -4*b - 2*x, -2